-2
What is the value of (-3 - 0) + (17 - 12)?
2
Evaluate 7 - ((17 - 11) + -1) - 10.
-8
Calculate (1 - (-1 - 7)) + (-154 - -163).
18
What is the value of 4 + 2 - ((9 + 9 - 7) + -13)?
8
What is -24 + (-20 - -47) + -16?
-13
1 - 8 - ((-18 - 9) + 9 + 7)
4
-3 + 3 - 3 - 2 - (4 - 4)
-5
Evaluate (2 + -2 + 13 - (-20 + 23)) + 1.
11
Evaluate 0 - (-30 + 74 + -47).
3
(2 - 4 - -5) + -23 + 7 + -1
-14
What is 8 + (-37 - (-95 - -32))?
34
Calculate 5 - (0 + 44 - (66 + -54)).
-27
What is the value of 96 + -94 + (-4 - 0 - -9)?
7
Evaluate -10 + 2 + -11 + 24.
5
Calculate -89 + 87 + (-1 - 3).
-6
What is (-3 - -13) + -34 - (3 - 3)?
-24
Calculate 13 + 9 + -9 + -4.
9
Evaluate -16 - -7 - -23 - (0 - 5 - 0).
19
-89 + 73 - (-1 + -10 - -5)
-10
What is the value of 6 + -1 + (0 - (5 + (-10 - -1)))?
9
What is (3 - 0) + -11 + 7 + -1 - -7?
5
Evaluate -2 - (-10 + 22 + -1).
-13
Calculate (-13 - (7 + -18 - -15)) + 2.
-15
Calculate (-1 - 3 - 0 - -17) + 1.
14
Evaluate -4 + 1 + -1 + (106 - 113).
-11
(24 - (-12 + 27)) + -16 + (-2 - -4)
-5
What is (49 + -58 - (3 - -2)) + 40?
26
What is the value of (-3 - 7) + 15 + 11?
16
What is the value of 1 + -10 - (14 + -34 + 0)?
11
-8 - (-11 - (-8 - -8))
3
What is the value of (0 - -12 - 20) + 1 + 11?
4
Evaluate 11 + (-18 - 12) - -16.
-3
2 - 1 - 15 - (9 - (6 + -8))
-25
What is -11 + 13 + -9 + (-5 - (2 - 9))?
-5
5 + (-2 + -8 - (6 - 16 - 5))
10
47 + -49 + (-3 - 4) + 4 + -12
-17
Calculate (8 + 1 - (16 - 0)) + 15.
8
What is the value of -9 - (-6 + -12 + 9)?
0
3 + 0 + (-72 - -71) - 2
0
(73 - 22) + -27 - -7
31
-12 + (4 - -1) - (-41 + 19 + 1)
14
What is the value of (16 - 6 - (8 - 1)) + 0 + -10?
-7
What is the value of (1 + 0 - (-19 - -10)) + -24?
-14
Calculate (19 - 40 - -18) + 4 + (-3 - -4).
2
Calculate -9 - -2 - -3 - -18.
14
Evaluate (16 - (47 - 19)) + 28.
16
What is (-26 - 0) + (-1329 - -1333)?
-22
What is (1 - (1 - 17)) + (55 - (58 + -2))?
16
Calculate -62 + 26 + -5 - (-2 + (-8 - 1)).
-30
What is the value of 6 + (-16 - -8) - -5 - (-3 + 0)?
6
Evaluate -3 + (-23 - (-22 + -14)).
10
What is the value of -11 + (3 - -4) - (-10 - (-8 + 9))?
7
Calculate -1 + (-32 - (-32 - -26 - (1 + -1))).
-27
What is (112 - 70) + -55 + -1 + 5?
-9
What is 0 - (1 + (-1 - -1 - 0) - 14)?
13
What is (-18 - (-44 + 23)) + (-1 - 2)?
0
What is the value of -5 + -4 + (18 - 18 - (0 + -1))?
-8
What is 27 + -14 - -2 - 7?
8
Calculate 5 - (13 - 12) - 16.
-12
What is the value of -10 + (5 - (-1 + -4))?
0
What is the value of 2 + (4 - 0 - 4) + -27 + 26?
1
What is -12 + (-4 - (-13 - -6)) - 3?
-12
(2 - -25) + -51 + 50 + -11
15
Calculate (7 - 8) + (-2 - 2) + (-7 - -8).
-4
Calculate 1 + 1 + -2 + (3 - -2).
5
Calculate 3 - (-2 + -1 - -14) - (-104 - -115).
-19
What is the value of -13 + 1 + 29 + 5 + -6?
16
Evaluate -22 + -2 + (-6 - -1) + 13.
-16
What is the value of 15 + -4 + (-11 - (12 - -8))?
-20
Calculate (5 - 23) + 9 + (8 - 16).
-17
Calculate (-5 - (-23 - (7 + -9))) + -9.
7
What is (-7 - -16 - 0) + 1 - -7?
17
Evaluate (-36 - (24 + -76)) + 1 + 15.
32
Evaluate -13 - (10 + -52) - 19.
10
What is 6 + (3 + 4 + -13 + 6 - 2)?
4
Calculate 2 + 2 + (-8 - 4) + (8 - 10).
-10
Evaluate (9 + -22 - -11) + (-1 - -8) + 0.
5
What is 19 - (33 - 16 - -3)?
-1
Calculate -3 - (-5 + 3) - (-7 + -4).
10
What is the value of -11 - -16 - 26 - (-9 - -19)?
-31
(-16 - -7 - 3) + 0 - -3
-9
What is 1 - (-1 - (-6 - (5 + -2)))?
-7
1 - -7 - (-189 - -219)
-22
Calculate -11 - (10 - -34) - (-4 - 8) - -3.
-40
-14 - 3 - (-21 + 25 + -15)
-6
What is -22 + (0 - -1) - -38?
17
Evaluate -16 + 1 + (69 - 72).
-18
Evaluate -479 + 477 + (-1 - 0 - -31).
28
What is the value of -13 + 21 + (-6 - -10) + 0?
12
Calculate (-49 - -28) + 6 + -15.
-30
41 + -39 + (16 - (-4 + 3 - -1))
18
Evaluate (-31 + 27 - -13) + -10.
-1
-11 + 15 + -5 + 4
3
Calculate 13 + -1 + (25 + -69 - -52).
20
Calculate 38 + -62 - -7 - (1 + 0).
-18
Calculate (-30 - -13) + -19 - -20.
-16
0 - (22 + -21 - (16 + 2))
17
-1 - (3 + -7 + -2) - 15
-10
11 + 18 + (-12 - 17)
0
What is -2 + 1 + (7 - (13 + -18 + 6))?
5
What is the value of (-4 - 1) + 2 + (-6 - 4)?
-13
3 + -2 + -1 + (-91 + 57 - -46)
12
What is (-9 - -3) + 10 + (-19 - -14)?
-1
Calculate -5 - (-9 - -1 - (20 - 29)).
-6
Evaluate -4 + 5 + 0 + -6 + (2 - -9).
6
What is the value of (19 - 10) + (-15 - 8)?
-14
What is the value of -16 + 4 + -2 + 2?
-12
Evaluate (-39 + 41 - (4 + 14)) + -14.
-30
What is the value of 1 + 29 + 111 + -113 + (-9 - -2)?
21
(-7 - (-3 - 4)) + -5
-5
Calculate 7 - (-23 + 27 - -24).
-21
What is the value of (-6 - (-3 - -10)) + (6 - 13)?
-20
What is 2 - 16 - (-4 + -4)?
-6
Calculate (0 - (-4 + 2)) + (349 - 345).
6
Evaluate 61 - 55 - (-1 + 0) - 14.
-7
Evaluate (-51 - -28) + (-4 - -4) - -11.
-12
Evaluate -10 - -16 - 28 - -10.
-12
Calculate 31 - (-23 + 8 + 26).
20
Evaluate 5 + 8 + -7 + 0 + 8.
14
Evaluate -2 + 23 + -13 + (-1 - 26).
-19
What is the value of -11 - (-2 - 2) - (-2 - (11 + 0))?
6
What is 2 + (-4 + -2 - 10)?
-14
Evaluate -5 - ((-61 + 58 - (-4 - -1)) + 1).
-6
What is -3 + -3 - (5 + -1) - (0 + -7)?
-3
Calculate -13 - ((25 - 12) + -18).
-8
What is the value of 4 + 6 + -15 + 3?
-2
Evaluate 164 + -165 + -3 + 3.
-1
Evaluate 36 - (-40 - -69) - 40.
-33
4 - 35 - (-144 - -142)
-29
Evaluate (2 - 8) + -24 + 29 + 6.
5
Calculate (7 - -9) + -19 + 5.
2
What is the value of 5 - -9 - 23 - -9?
0
Evaluate 1 + 13 + -8 + 0 - 2.
4
What is the value of -7 - (-6 + (-12 - -1) - -13)?
-3
Calculate 0 + (-24 - -22 - -3).
1
What is the value of -1 + (6 + 2 - (-13 + 18)) + 3?
5
What is the value of (87 - 80) + (2 - 1 - -1)?
9
What is (-15 - (12 + (8 - (13 + -3)))) + -7?
-32
Calculate 28 + (-73 + 56 - (-1 - 8)).
20
10 + (-4 - (11 + 3)) - 25
-33
-184 - -136 - (2 + -26)
-24
What is the value of 24 + 16 + -16 + -50?
-26
Evaluate (15 - 0) + (-7 - (1 - (-2 - -2))).
7
What is -5 - -27 - 5 - 3 - (-2 + 0)?
16
What is the value of 3 - (-182 - -200 - (0 + 2))?
-13
Calculate (-2 - ((-5 + -8 - -3) + 16)) + -22.
-30
What is the value of (-20 + -8 - -18) + 2 + 23?
15
Evaluate (5 - (7 - -19) - -1) + -14 + 17.
-17
(-6 - (-17 + 15)) + 1 + -4 + 7
0
What is the value of -2 + 2 + (-5 - (26 - 30))?
-1
What is the value of -6 + 5 + -9 + -4 + 4?
-10
What is the value of (50 - 37 - (4 - -7)) + -3?
-1
Evaluate -2 + 2 + 22 - 13 - 25.
-16
13 + (-1 - 0) + -11 + 10 + 6
17
What is the value of 11 - (19 - (-20 + 15))?
-13
What is 25 - (-8 + (16 - -34))?
-17
Evaluate (-1 - (-3 - -22)) + -59 + 64 + 0.
-15
What is 0 - -8 - (75 + -66 + 0 + -10)?
9
What is (-33 + 2 - (17 + -28)) + 8?
-12
(-5 - 1) + (-292 - -286)
-12
Calculate -1 - (-6 + (-9 - -28)).
-14
Evaluate (-1 - (-3 - -3)) + -7 + -3.
-11
((-8 - -16) + 11 - 17) + (1 - 6)
-3
Evaluate 0 - 8 - (-324 + 312) - 30.
-26
What is the value of 11 - -8 - -9 - (4 - (-5 - -6))?
25
Evaluate -2 + -1 + (17 - 8) + -11 + 8.
3
What is the value of 21 - (-6 + 19) - -3 - 16?
-5
-3 + 18 + 4 - 14 - (0 + -21)
26
What is the value of -1 - 6 - (45 - 45)?
-7
What is (6 - -1 - 16) + 12?
3
-7 + (-11 - -11) - (-2 - -17)
-22
Evaluate 2 + 15 + 0 - (-5 + 5 + 5).
12
What is ((-4 - -17) + -20 - 7) + 17?
3
Evaluate 1 + -13 + -6 + 27.
9
Calculate -41 - (-6 - (-11 - (-4 + -6 + 0))).
-36
What is -49 + 35 + -17 + -5 - 0?
-36
(23 - 24 - -2) + 10
11
Calculate 5 + 0 + 4 - (16 + -11).
4
Evaluate 0 + (4 - (-10 + -6 + 7)).
13
What is the value of 1 + 1 + (35 - (32 - -6))?
-1
What is -3 - 11 - (369 + -359)?
-24
(-6 - -2) + (-44 - -41 - (-1 + 5))
-11
Evaluate 9 + (4 - 2) - (8 + -5 - 1).
9
Evaluate 1 - 4 - (-11 + 6 - (3 + -14)).
-9
Calculate -1 + (6 - (-9 - -9)) + 12.
17
Evaluate (6 - -2) + (2 - -2) + -3.
9
What is (0 - (-7 - (-4 + -1))) + -11 + 0?
-9
(8 - (10 - 2)) + (8 - 10) - 24
-26
Calculate -11 + 38 - (-10 + 26).
11
What is the value of -9 - -10 - (-6 - 2)?
9
Evaluate 9 - (-3 + -13 - -23).
2
Evaluate 38 + -30 - (-3 + 19).
-8
What is 1 + 1 - ((-9 - -3 - -4) + -5)?
9
What is 8 + 3 + 4 + -19?
-4
(-3 - (1 - 0)) + 47 + -38 - -11
16
-2 - (5 - (11 - -1 - 17))
-12
(27 - 20 - 14) + 16
9
Evaluate 1 - -3 - (14 + -2) - 0.
-8
Evaluate 1 + 1 + 1 - (-91 - -93).
1
What is 26 + -15 - (19 - (5 + 4))?
1
Evaluate -1 + 2 + -12 + 34 + -37.
-14
6 - (1 + -4) - (6 - (6 - -5))
14
Calculate -1 + 1 + 3 + 10.
13
What is the value of -56 + 69 + (12 - -6)?
31
Calculate (-10 - -2 - -22 - 9) + 7.
12
(-20 - (2 + 20)) + 14
-28
What is the value of (-29 + 30 - -21) + -16?
6
Calculate (-11 - -26) + -6 